 factors of x.
2, 3, 5
Let d be ((-9)/2)/((-27)/(-252)). List the prime factors of (1 - 2)*d/3.
2, 7
Suppose -13 = 2*m + 4*z + 5, -5*z = 4*m + 21. Suppose -u = r - m, -2*r + 4*u + 4 + 4 = 0. What are the prime factors of r?
2
Suppose 3*k - 15 = -2*k. Suppose 4*v + 4*j = 52, 0*j = 3*v - k*j - 57. What are the prime factors of v?
2
Suppose -2*d = -5*d. What are the prime factors of 3 + -3 + 2 + d?
2
Let g = -16 - -30. Suppose -g = 2*y - 3*y. List the prime factors of y.
2, 7
Suppose 17 - 2 = -3*g, -g - 77 = -3*b. Suppose -s + 2 - 15 = 0. Let t = b + s. List the prime factors of t.
11
Suppose -3*a = -5*x - 0*x - 122, -5*x + 10 = 0. Suppose a = 4*c + b, b - 2 - 2 = 0. What are the prime factors of c?
2, 5
List the prime factors of 21/6*(0 + 2).
7
Let n(k) = 3*k. Let f be n(3). Let i = f - -2. List the prime factors of i.
11
What are the prime factors of (-6)/(-9) - (-350)/15?
2, 3
Suppose 2*a - 4 = -2*o + 5*a, 0 = 3*o - 5*a - 7. Let u(r) = 36*r - 20. Let s(m) = 12*m - 7. Let c(q) = 17*s(q) - 6*u(q). List the prime factors of c(o).
13
Let v be (2 + (-9)/6)*4. List the prime factors of 0 - (-2 + v + -5).
5
Suppose 0 = 5*i - 38 + 3. Let t = 17 - i. List the prime factors of t.
2, 5
Let s(c) = -c. Let o(d) = -d - 4. Let m(l) = o(l) + 2*s(l). What are the prime factors of m(-4)?
2
Let k(j) = -5*j + 16. What are the prime factors of k(-9)?
61
Let s(w) = 2*w**2 - 4*w + 1. Let j be s(3). Suppose 2*v - 2*t = 0, 0 = 3*v - 4*t + j - 3. What are the prime factors of v?
2
Suppose -8 = -7*m + 3*m. Suppose m*r = -3*r + 45. What are the prime factors of r?
3
Let a = 12 + -4. Suppose -7*z + 3*z = -a. Suppose 0 = -w + z + 16. What are the prime factors of w?
2, 3
List the prime factors of (12/(-9))/((-1)/6).
2
What are the prime factors of ((-10)/4)/(77/(-12) - -6)?
2, 3
Let j = 307 - 162. List the prime factors of j.
5, 29
Suppose k - 4*m - 12 = -k, 0 = 5*k + 4*m + 12. Suppose k = 4*g + g - 90. List the prime factors of g.
2, 3
Let f(w) = w**3 - 4*w**2 - 6*w + 7. Let r be f(5). What are the prime factors of (r - (-6)/(-4))*22?
11
Let m = 72 + -36. What are the prime factors of m?
2, 3
Suppose y = -2*z + 140, -y + 5*z = y - 262. Suppose -y = 4*q - 5*i, -5*i + 4*i - 121 = 3*q. List the prime factors of -1 - 3/(9/q).
2, 3
Suppose -5*o + 97 = 2*r, -4*r = 3*o - 0*r - 61. List the prime factors of o.
19
List the prime factors of -3*(-5)/(-15)*-147.
3, 7
Let u be 58/14 + (-2)/14. Let t(k) = -k**2 + 5*k + 1. What are the prime factors of t(u)?
5
Suppose 4*b - 575 = -5*d, -2*b + 0*b - 323 = -3*d. What are the prime factors of d?
3, 37
Let o(v) = v**2 - 5*v + 3. Let w = 1 - -6. List the prime factors of o(w).
17
Suppose -2 = 2*g, 0*g + g + 709 = 3*n. What are the prime factors of n?
2, 59
Let j = 337 - 148. What are the prime factors of j?
3, 7
Suppose g + 2 = -0*g - 2*a, 3*g = 4*a + 44. Suppose g*r - 3*r + 5*t - 105 = 0, 0 = -2*r + t + 45. What are the prime factors of r?
2, 11
Suppose -2*z - 14 = -4*f - 4*z, 3*f + 5*z - 7 = 0. List the prime factors of f.
2
Let z(q) = 3*q**2 + 7*q + 5. Let o = -9 - -5. Let x be z(o). List the prime factors of 5/x + 24/5.
5
Let g(y) = 5*y - 2. Let q be g(3). Suppose -5*l + 12 + q = 0. Suppose 0 = l*p - 29 + 4. List the prime factors of p.
5
What are the prime factors of (-37)/(3/6*-2)?
37
Suppose 4*m + 45 = 9*m. Let t = 23 - m. What are the prime factors of t?
2, 7
Let u(f) = -2*f**3 + 4*f**2 + 3*f. Let l be 3 + -1 - (0 - -4). What are the prime factors of u(l)?
2, 13
Suppose -5*a = -5*v - 10, -a - 3*v = a + 6. Let m(o) = -o - 3*o**2 - o**3 - 1 + 4*o + a*o**3. What are the prime factors of m(-4)?
3
List the prime factors of (492/48)/((-1)/(-4)).
41
Let w = -7 - -3. Let v = -5 + w. Let y(z) = -z**3 - 10*z**2 - 10*z - 1. List the prime factors of y(v).
2
Suppose 4*k + k = 200. Suppose -112 + k = -2*g. What are the prime factors of g?
2, 3
Let t = 95 + -38. Let v(f) = 5*f**2 - 2*f - 5. Let z be v(-4). Suppose 2*m - t = -3*x, 0 = 4*x + 3*m + 2*m - z. List the prime factors of x.
17
Let b = 21 + 114. List the prime factors of b.
3, 5
Suppose -a - 4*a = -20. Suppose -f + 6 - a = 0. Let x(o) = 2*o + 1. What are the prime factors of x(f)?
5
Let m(l) = l - 5. Let j be m(7). Suppose -j*t + 32 = 2*t. What are the prime factors of 2/(-4)*(-96)/t?
2, 3
Let f be ((-24)/(-10))/((-4)/(-20)). What are the prime factors of (-1)/(-4) + 225/f?
19
Let m be 747/18 + (-2)/(-4). Suppose -5*u = 4*z - 5 - 51, -3*z - 3*u = -m. What are the prime factors of z?
2, 7
Suppose -63 = -4*g + 49. What are the prime factors of g?
2, 7
Suppose 5*u - 14 - 16 = 0. Suppose -6 + 24 = 2*r. Let b = r - u. List the prime factors of b.
3
Let f(n) = -n**2 + 8*n - 3. Let i(u) = -u**3 + 9*u**2 + u - 6. Let r be i(9). Suppose r*h - 32 = -5*d, d - 2*h = -h + 8. List the prime factors of f(d).
2
Let k(c) = 7*c + 1. Let p be k(-1). Let f = -1 - p. Suppose f*r + 0*r = 50. What are the prime factors of r?
2, 5
Suppose n = -c + 3*c + 29, n + 2*c - 33 = 0. What are the prime factors of n?
31
Let v = -2 - -134. List the prime factors of v.
2, 3, 11
Let q be -30*(16/6)/4. List the prime factors of (8/20)/((-1)/q).
2
Let w(u) = 5*u**2 + u - 3. Let s be w(4). Suppose -4*i - 44 = -2*d, 3*d = 2*i + 1 + s. List the prime factors of d.
2, 3, 5
What are the prime factors of (10/4)/((-1)/(-6))?
3, 5
Let y be (2 + 0)*(-3)/6. Let n(m) = -4*m**3 - m - 1. List the prime factors of n(y).
2
Let a be -5*8*(-6)/(-20). Let u be -2*6*(-3)/a. Let f(w) = -w**3 - 2*w**2 + 2. What are the prime factors of f(u)?
11
Let r(u) = -u**3 - 2*u**2 + u + 4. Let a be r(-3). Let f = a + -6. Suppose l + f*t = 32, -5 = 4*t - 25. List the prime factors of l.
2, 3
Suppose 2*v = -0*v + 22. Suppose -5*q + 4*l = 7, -4*q + l - v = -4*l. Let u = 1 + q. What are the prime factors of u?
2
List the prime factors of (3/6*-2)/(2/(-226)).
113
Let s = -10 + 44. List the prime factors of s.
2, 17
Suppose -51 + 1 = -2*n. What are the prime factors of n?
5
Let w(r) = r**3 + 4*r**2 - 2*r - 5. Let j be w(-5). Let d = j + 53. What are the prime factors of d?
3, 11
Let s = -2 - -10. Suppose 6*u - 2*u = s. Let z = u - 0. List the prime factors of z.
2
Suppose 2 + 10 = -4*b. List the prime factors of (5 - 20)*4/b.
2, 5
Suppose -5*s + 4 = -3*s. Let v be 1 - (-1)/(2/4). Let z = v + s. List the prime factors of z.
5
Let k(z) = z**2 + z. Let r(w) = 6*w**2 + 2*w - 2. Let y(l) = -5*k(l) + r(l). Let s be y(3). What are the prime factors of 2 - 0/s*1?
2
Suppose 1 + 23 = 2*v. Suppose v + 2 = 2*n. What are the prime factors of n?
7
Let h be 1096/22 - 4/(-22). Suppose 0*x - h = -5*x. List the prime factors of x/2 - (0 + 2).
3
Let l(a) = a**3 + 4*a**2 + 2*a + 3. Let c be l(-4). Let x(h) = -2*h - 5. List the prime factors of x(c).
5
Suppose -u = 2*k - 49, 118 = -0*k + 5*k + u. What are the prime factors of k?
23
Let l(s) = 15*s**2 + 9*s + 18. List the prime factors of l(-3).
2, 3, 7
Suppose -5 = 4*j + 11. Let z = j - -6. What are the prime factors of z?
2
Let n(k) be the third derivative of k**5/60 - 7*k**4/24 - 4*k**3/3 - 2*k**2. Let q be n(7). What are the prime factors of (-44)/q*2*1?
11
Suppose 4*d + 47 = -5*w, 0 = -0*w + 2*w - 2. Let o = -7 - d. What are the prime factors of o?
2, 3
Suppose -4*o = -4 - 4. List the prime factors of (-1 + 0)/(o/(-20)).
2, 5
Let r(l) = 23*l + 4. Let g(f) = -988*f - 171. Let m(s) = -4*g(s) - 171*r(s). What are the prime factors of m(1)?
19
Let v(y) = 2*y**2 - 5*y + 11. List the prime factors of v(8).
3, 11
Suppose -d + 12 = 1. List the prime factors of d.
11
What are the prime factors of 33 - (-12)/(2 + 2)?
2, 3
Let r(i) = i. Let p(v) = v - 1. Let f(w) = 3*p(w) - 2*r(w). Let d be f(3). Suppose -3*m = -5*q - 37 + 6, d = 3*m - q - 47. List the prime factors of m.
17
Suppose -3*j = -4*a + 226 + 163, 2*j = -3*a + 279. What are the prime factors of a?
5, 19
Let p = 2 + -2. Suppose g - u - 1 = p, -g + 6*u - 8 = 2*u. Suppose m + 0*c = -2*c - 3, -3*m + 21 = -g*c. What are the prime factors of m?
3
Let r(z) = z + 71. What are the prime factors of r(0)?
71
Let m(g) = g**2 - 7*g + 2. Let s be m(6). Let f be 232/28 + s/14. Suppose 0 = -f*b + 4*b + 48. What are the prime factors of b?
2, 3
Let h(z) = -5 + 3*z**2 + 2*z**2 + 3 - 3*z**2. List the prime factors of h(2).
2, 3
Let v = -1 + 12. Let b = v + -5. What are the prime factors of 22/b -